t is the remainder when 3618 is divided by 886?
74
What is the remainder when 44245 is divided by 250?
245
What is the remainder when 20296 is divided by 1634?
688
What is the remainder when 9738 is divided by 2405?
118
Calculate the remainder when 4916821 is divided by 649.
646
Calculate the remainder when 668 is divided by 221.
5
Calculate the remainder when 123678 is divided by 399.
387
Calculate the remainder when 769 is divided by 262.
245
Calculate the remainder when 51716 is divided by 263.
168
What is the remainder when 212977 is divided by 230?
227
Calculate the remainder when 14515 is divided by 297.
259
What is the remainder when 786594 is divided by 6961?
1
What is the remainder when 2842 is divided by 72?
34
What is the remainder when 606254 is divided by 303127?
0
Calculate the remainder when 89451 is divided by 520.
11
Calculate the remainder when 42810 is divided by 11.
9
What is the remainder when 372525 is divided by 234?
231
Calculate the remainder when 30150 is divided by 65.
55
What is the remainder when 6871 is divided by 74?
63
Calculate the remainder when 55966 is divided by 18647.
25
Calculate the remainder when 2590 is divided by 37.
0
Calculate the remainder when 8399 is divided by 631.
196
Calculate the remainder when 53492 is divided by 877.
872
Calculate the remainder when 234825 is divided by 596.
1
Calculate the remainder when 13653 is divided by 17.
2
Calculate the remainder when 60799 is divided by 13.
11
What is the remainder when 26896 is divided by 1033?
38
What is the remainder when 39363 is divided by 5?
3
What is the remainder when 9372 is divided by 375?
372
Calculate the remainder when 6954 is divided by 2243.
225
What is the remainder when 13293 is divided by 3322?
5
What is the remainder when 85654 is divided by 172?
170
What is the remainder when 8827 is divided by 23?
18
What is the remainder when 25464 is divided by 118?
94
What is the remainder when 12067 is divided by 482?
17
Calculate the remainder when 5727 is divided by 572.
7
Calculate the remainder when 12444 is divided by 479.
469
Calculate the remainder when 798 is divided by 717.
81
What is the remainder when 792892 is divided by 1283?
1281
Calculate the remainder when 1071 is divided by 200.
71
Calculate the remainder when 25211 is divided by 2800.
11
What is the remainder when 6349 is divided by 262?
61
What is the remainder when 34954 is divided by 289?
274
Calculate the remainder when 8009 is divided by 1532.
349
What is the remainder when 1107 is divided by 541?
25
What is the remainder when 2413 is divided by 1184?
45
Calculate the remainder when 12622 is divided by 58.
36
What is the remainder when 663411 is divided by 8?
3
Calculate the remainder when 2456959 is divided by 220.
219
Calculate the remainder when 1740 is divided by 841.
58
Calculate the remainder when 73747 is divided by 66.
25
Calculate the remainder when 11830 is divided by 1967.
28
Calculate the remainder when 23980 is divided by 2653.
103
Calculate the remainder when 62319 is divided by 43.
12
What is the remainder when 7086 is divided by 5?
1
What is the remainder when 574 is divided by 182?
28
What is the remainder when 77697 is divided by 726?
15
Calculate the remainder when 86431 is divided by 86431.
0
Calculate the remainder when 1165 is divided by 380.
25
Calculate the remainder when 59493 is divided by 1293.
15
Calculate the remainder when 14331 is divided by 3514.
275
Calculate the remainder when 90045 is divided by 112.
109
Calculate the remainder when 737937 is divided by 490.
487
Calculate the remainder when 32093 is divided by 1.
0
Calculate the remainder when 26172 is divided by 53.
43
Calculate the remainder when 14792 is divided by 57.
29
Calculate the remainder when 2057 is divided by 1258.
799
Calculate the remainder when 9030 is divided by 64.
6
Calculate the remainder when 2751463 is divided by 1218.
1
Calculate the remainder when 6402 is divided by 2781.
840
Calculate the remainder when 927658 is divided by 132521.
11
Calculate the remainder when 8366154 is divided by 16.
10
What is the remainder when 558648 is divided by 38?
10
What is the remainder when 11130 is divided by 955?
625
Calculate the remainder when 16811 is divided by 2564.
1427
Calculate the remainder when 1505 is divided by 548.
409
Calculate the remainder when 803 is divided by 373.
57
Calculate the remainder when 11815 is divided by 227.
11
What is the remainder when 2109 is divided by 211?
210
What is the remainder when 21447 is divided by 242?
151
Calculate the remainder when 64246 is divided by 8028.
22
Calculate the remainder when 1810 is divided by 12.
10
Calculate the remainder when 479 is divided by 96.
95
Calculate the remainder when 2159 is divided by 539.
3
What is the remainder when 21548 is divided by 70?
58
Calculate the remainder when 141234 is divided by 527.
525
Calculate the remainder when 57079 is divided by 1359.
1
What is the remainder when 8766 is divided by 547?
14
What is the remainder when 248428 is divided by 1014?
1012
What is the remainder when 441210 is divided by 53?
38
Calculate the remainder when 313429 is divided by 130.
129
Calculate the remainder when 1749 is divided by 193.
12
Calculate the remainder when 61537 is divided by 17.
14
Calculate the remainder when 8030 is divided by 425.
380
Calculate the remainder when 28541 is divided by 64.
61
What is the remainder when 191991 is divided by 12791?
126
Calculate the remainder when 22563 is divided by 340.
123
Calculate the remainder when 405719 is divided by 280.
279
Calculate the remainder when 63628 is divided by 165.
103
What is the remainder when 4958 is divided by 2474?
10
Calculate the remainder when 2007 is divided by 426.
303
What is the remainder when 477 is divided by 346?
131
What is the remainder when 133500 is divided by 2670?
0
What is the remainder when 25217 is divided by 870?
857
What is the remainder when 1297518 is divided by 35?
33
What is the remainder when 39030 is divided by 9757?
2
What is the remainder when 1738 is divided by 458?
364
Calculate the remainder when 6810 is divided by 6793.
17
Calculate the remainder when 4526 is divided by 2114.
298
What is the remainder when 11210 is divided by 12?
2
What is the remainder when 3088 is divided by 384?
16
What is the remainder when 2351 is divided by 697?
260
What is the remainder when 71468 is divided by 14?
12
What is the remainder when 907 is divided by 101?
99
What is the remainder when 38686 is divided by 12883?
37
What is the remainder when 5484 is divided by 549?
543
Calculate the remainder when 4418 is divided by 126.
8
Calculate the remainder when 6743 is divided by 43.
35
Calculate the remainder when 169238 is divided by 402.
398
What is the remainder when 43442 is divided by 7226?
86
Calculate the remainder when 183391 is divided by 22.
21
Calculate the remainder when 9091 is divided by 2301.
2188
What is the remainder when 7366 is divided by 735?
16
Calculate the remainder when 22722 is divided by 6904.
2010
Calculate the remainder when 1652086 is divided by 550692.
10
What is the remainder when 78173 is divided by 224?
221
Calculate the remainder when 144240 is divided by 9.
6
What is the remainder when 19170 is divided by 7?
4
What is the remainder when 10352 is divided by 14?
6
Calculate the remainder when 103711 is divided by 2.
1
What is the remainder when 61469 is divided by 20470?
59
What is the remainder when 7749 is divided by 3276?
1197
Calculate the remainder when 203338 is divided by 111.
97
Calculate the remainder when 1719 is divided by 254.
195
What is the remainder when 3667 is divided by 43?
12
What is the remainder when 41042 is divided by 6836?
26
Calculate the remainder when 887 is divided by 295.
2
What is the remainder when 11221 is divided by 5120?
981
Calculate the remainder when 14341851 is divided by 53.
51
What is the remainder when 5268 is divided by 1744?
36
What is the remainder when 1284 is divided by 7?
3
Calculate the remainder when 71150 is divided by 847.
2
What is the remainder when 8573 is divided by 32?
29
Calculate the remainder when 26970 is divided by 141.
39
Calculate the remainder when 377197 is divided by 583.
579
What is the remainder when 12710 is divided by 